23?
13
What is the greatest common factor of 572 and 67389124?
44
Calculate the greatest common divisor of 510 and 39323370.
30
What is the highest common factor of 18702 and 258966?
18
Calculate the highest common factor of 246284173 and 148.
37
Calculate the highest common divisor of 22780 and 198560.
340
Calculate the greatest common divisor of 360 and 8589855.
15
What is the highest common divisor of 6289125 and 405?
15
Calculate the highest common divisor of 17040 and 11202735.
1065
Calculate the highest common divisor of 4295 and 90376249.
859
What is the highest common factor of 997206256 and 844?
844
Calculate the highest common factor of 5177 and 769369.
167
Calculate the highest common factor of 565346 and 303510.
134
What is the highest common factor of 17899 and 290390819?
2557
What is the greatest common divisor of 56980 and 7500?
20
Calculate the highest common factor of 11622 and 1090206.
78
What is the greatest common divisor of 2580674 and 44480?
278
What is the highest common factor of 4296 and 437491752?
4296
Calculate the highest common factor of 2009042 and 150.
2
What is the highest common factor of 1379184 and 3527728?
944
Calculate the greatest common factor of 12844 and 53092.
52
Calculate the greatest common factor of 278 and 5087122.
278
What is the greatest common factor of 76392 and 22392?
72
What is the highest common divisor of 16280 and 584540?
220
What is the greatest common divisor of 109359068 and 14?
14
Calculate the greatest common factor of 1598 and 3360424.
34
What is the greatest common factor of 2716275 and 8425?
25
Calculate the highest common divisor of 5414 and 298739106.
5414
Calculate the greatest common factor of 130 and 15856464.
26
Calculate the highest common divisor of 31155008 and 1728.
64
Calculate the greatest common factor of 3058440 and 96.
24
Calculate the highest common divisor of 20209419 and 162.
81
Calculate the greatest common divisor of 57750 and 3148299.
231
What is the greatest common divisor of 405405 and 4011?
21
Calculate the highest common factor of 1482 and 23845874.
494
What is the greatest common divisor of 2501656 and 705512?
232
Calculate the greatest common factor of 417413935 and 829.
829
What is the greatest common divisor of 20445 and 97266?
87
What is the greatest common divisor of 34 and 7661849?
17
Calculate the highest common factor of 4850335 and 5040.
35
What is the greatest common factor of 30646 and 16851121?
1393
What is the greatest common divisor of 36 and 35425305?
9
What is the greatest common factor of 76136 and 778224?
248
Calculate the greatest common factor of 7236 and 5673828.
804
Calculate the highest common factor of 1609498 and 3899522.
10802
Calculate the greatest common divisor of 75 and 808545.
15
What is the highest common factor of 9282 and 29829237?
51
Calculate the highest common factor of 2271138699 and 23643.
7881
Calculate the highest common factor of 289799384 and 224.
56
Calculate the greatest common factor of 20 and 104192460.
20
Calculate the highest common factor of 21285 and 1440.
45
What is the highest common factor of 30 and 1530164530?
10
Calculate the greatest common divisor of 3045 and 1259209.
203
What is the highest common factor of 1711918894 and 749?
749
What is the highest common divisor of 36 and 3874653?
9
What is the greatest common factor of 7512 and 30264?
24
Calculate the greatest common factor of 49792718 and 566.
566
Calculate the highest common divisor of 255783 and 42251.
253
Calculate the greatest common divisor of 18877012 and 97027.
1169
Calculate the highest common divisor of 594117 and 31753305.
2367
What is the greatest common factor of 46438 and 196602?
434
What is the highest common factor of 666 and 204129?
333
Calculate the greatest common factor of 302284143 and 147.
21
What is the greatest common factor of 22034 and 13347814?
958
Calculate the greatest common factor of 7544 and 201112.
184
Calculate the greatest common divisor of 68 and 99596.
4
What is the highest common divisor of 43590792 and 4848?
2424
Calculate the highest common divisor of 826 and 8847286.
826
What is the highest common factor of 162309 and 8904?
21
Calculate the greatest common divisor of 189 and 3215691.
9
What is the greatest common factor of 29754128 and 248?
8
Calculate the highest common divisor of 2826 and 84096.
18
Calculate the highest common factor of 60 and 5459172.
12
What is the greatest common divisor of 715 and 16701113?
143
What is the highest common divisor of 15829864 and 5974?
206
Calculate the highest common factor of 2041 and 376233.
13
Calculate the highest common divisor of 24592 and 409712.
464
What is the highest common divisor of 9 and 910222803?
9
Calculate the greatest common divisor of 297984474 and 2214.
2214
Calculate the greatest common factor of 57 and 244131.
57
What is the greatest common factor of 17520 and 2760?
120
What is the highest common divisor of 449344831 and 13?
13
What is the highest common factor of 22 and 103570?
2
What is the highest common divisor of 5735 and 2849520?
155
Calculate the greatest common factor of 1846 and 220584.
26
What is the greatest common divisor of 29789500 and 75?
25
Calculate the highest common divisor of 1168378 and 38006.
1226
What is the highest common divisor of 30840 and 1795260?
60
What is the greatest common divisor of 83850547 and 5291?
407
Calculate the highest common factor of 19953 and 872759.
739
What is the greatest common divisor of 4221 and 2288160?
63
What is the greatest common divisor of 5283029 and 20741?
2963
Calculate the greatest common factor of 3609732 and 1344.
84
Calculate the greatest common factor of 19499715 and 30.
15
Calculate the greatest common factor of 198 and 2030274.
18
What is the highest common factor of 162027 and 58293?
459
What is the highest common factor of 9788170 and 8190?
70
Calculate the greatest common factor of 152220 and 124490.
590
What is the greatest common divisor of 305406 and 164882?
38
Calculate the greatest common divisor of 4313962 and 885.
59
What is the greatest common factor of 21223188 and 3?
3
Calculate the highest common factor of 13570 and 6325115.
115
What is the greatest common factor of 9692883 and 1683?
9
What is the greatest common divisor of 147 and 752096884?
49
What is the greatest common divisor of 18598 and 116858?
34
Calculate the greatest common divisor of 71382639 and 69.
69
Calculate the highest common divisor of 108 and 333252.
36
What is the greatest common factor of 299136 and 5681?
19
Calculate the greatest common factor of 222652336 and 33288.
11096
What is the greatest common divisor of 9768 and 146360456?
3256
What is the greatest common factor of 4752 and 3674?
22
Calculate the highest common divisor of 580 and 6041860.
580
Calculate the highest common divisor of 774440 and 1748.
76
Calculate the greatest common divisor of 777 and 5211507.
21
What is the greatest common divisor of 2496 and 2801136?
624
Calculate the highest common divisor of 161508 and 43602.
258
What is the highest common divisor of 99330 and 64224370?
3010
What is the greatest common factor of 1927455 and 2109?
57
Calculate the greatest common factor of 7449 and 97357857.
573
What is the highest common factor of 174018 and 83014152?
7566
Calculate the greatest common factor of 33881 and 8563921.
1993
What is the highest common factor of 13805216 and 752?
752
What is the greatest common factor of 1406 and 2428352?
38
Calculate the greatest common factor of 10 and 12041410.
10
Calculate the highest common divisor of 106508704 and 4269.
1423
What is the greatest common divisor of 6 and 62391444?
6
What is the highest common factor of 63 and 8531523?
63
Calculate the greatest common factor of 3693 and 30775000.
1231
Calculate the highest common divisor of 903308 and 1876.
28
Calculate the highest common factor of 118639 and 160109.
29
What is the greatest common divisor of 1156 and 658846594?
578
What is the highest common divisor of 18465471 and 9?
9
Calculate the highest common factor of 57022 and 329.
7
Calculate the greatest common divisor of 6366821 and 942.
157
What is the highest common factor of 230610924 and 179316?
10548
What is the highest common divisor of 1291031 and 1352078?
2261
Cal